 the highest common factor of x and 272?
34
Suppose 2957 - 7382 - 1760 - 4479 = -43*y. Suppose 0 = 2*n - 16 - 108. Calculate the greatest common divisor of n and y.
62
Let z = 414 + -282. Let s = z - 42. What is the greatest common divisor of 10 and s?
10
Suppose -80 = -2*v - 4*j, 3 + 67 = 3*v - 4*j. What is the highest common factor of 705 and v?
15
Let z = -38 + 71. Let o(k) = 4*k**2 - 3*k - 10. Let p be o(7). Let a be (p + 0)/(-4 - 20/(-4)). Calculate the greatest common divisor of z and a.
33
Suppose 354 = 3*a - 618. Let s = -8 - -44. What is the greatest common factor of s and a?
36
Let d = 150 - 112. Let v(y) = 4*y**2 + 21*y - 69. Let i be v(11). Calculate the greatest common factor of i and d.
38
Let j(w) = -19*w + 61. Let y be j(3). Let r be (0 - -1)*(19 - 16). Let x = y + r. Calculate the highest common factor of x and 77.
7
Let m(a) = 6*a**2 - 227*a + 1818. Let c be m(9). Calculate the greatest common divisor of 12789 and c.
261
Let n be 16/3 - ((-4)/1)/(-12). Let d(x) = 12 + 27 + 0*x + 3*x - n*x. Let i be d(16). Calculate the highest common divisor of i and 28.
7
Let u(s) = -s - 2. Let x be u(-7). Let i(p) = p**2 + 26*p - 1356. Let w be i(27). What is the greatest common factor of w and x?
5
Let d(v) = -2*v**3 - 207 + 417 + 3*v - 213 + 4*v**2. Let g be d(2). Calculate the greatest common factor of g and 21.
3
Let w be ((-20)/16*-4)/((-4)/(588/(-7))). What is the greatest common factor of w and 1190?
35
Suppose -300 = -9*i - 30. Let v be (-2)/(-14) + (-21940)/(-35). Let u be (-1)/(-1 - v/(-630)). Calculate the greatest common factor of u and i.
30
Suppose 0 = -2*v - 8, d - 3*v = -7*v. Calculate the greatest common divisor of 1072 and d.
16
Let s = -24180 + 25725. What is the highest common factor of 435 and s?
15
Let t be 2/((0 + 4/(-50))/(-3 - 0)). Calculate the greatest common divisor of 465 and t.
15
Let i be 48 - 5/(20/(-16)). Suppose i*g - 75 = 51*g. Calculate the highest common divisor of g and 75.
75
Let p be (-6*17/(-2))/((-41)/(-41)). Suppose -p - 9 = -6*m. What is the highest common divisor of 10 and m?
10
Let j = 12 - -151. Let u = j - 150. What is the greatest common factor of u and 689?
13
Let f(r) = 4*r**2 - 34*r - 247. Let s be f(-20). What is the highest common divisor of 19 and s?
19
Let u(h) = -7*h - 96. Let t(d) = -3*d**2 + 18*d + 32. Let r be t(8). Let m be u(r). What is the greatest common divisor of m and 2?
2
Let g = 84 - 82. Let b be 0/(g/6 + 24/36). Suppose -9*h + 101 + 43 = b. What is the highest common divisor of h and 40?
8
Let x = -173 - -173. Suppose x = 4*d + 3*d - 147. What is the highest common divisor of 77 and d?
7
Let c(f) = -26*f + 252. Suppose 0 = -4*m - b - 103, -2*m - 26 = -3*b + 15. Let i be c(m). What is the highest common divisor of i and 164?
82
Suppose -4*w + 4*o - 7*o = -16, w - 4*o - 4 = 0. Let j be ((-28)/3)/(2/(-27)). Suppose -x + w*x = j. What is the highest common factor of 84 and x?
42
Suppose -5*t + 115 + 85 = 0. Let k = -9914 + 9978. Calculate the highest common factor of t and k.
8
Let b(o) = -2*o**2 + 3 + 7*o**2 - o**3 + 1 + 5*o + 0*o**3. Let x be b(6). Let v be 6 - (0 + 2 + x). What is the greatest common divisor of v and 9?
3
Let v(g) = 5*g**2 - 3*g. Let i be v(3). Suppose 786 + 402 = -2*s. Let o = s + 612. Calculate the highest common divisor of i and o.
18
Let j(b) = -737*b - 5572. Let u be j(-8). Calculate the highest common divisor of u and 368.
4
Let t(i) = -i**3 + 11*i**2 - 11*i - 14. Let l be t(6). Let u = -46 + l. What is the greatest common divisor of u and 18?
18
Let x = 15 - 7. Let i be (-28 + 13 - -14)/((-2)/48). What is the greatest common factor of i and x?
8
Let o = -159 + 178. Suppose -f + o + 3 = 0. Calculate the highest common divisor of f and 198.
22
Suppose 25*y = 34*y - 432. Suppose j - 527 = -2*q, y = -q - 3*j + 324. Calculate the highest common divisor of 348 and q.
87
Suppose 1078 = 4*j - 5*r - 539, -4*r + 12 = 0. Let o(f) = -31*f + 210. Let b be o(6). Calculate the highest common factor of j and b.
24
Let b = 245 + -242. Suppose 3*p + 4*n - 29 = 6*n, 3*p + b*n = 24. Let i(a) = -4*a - 2. Let y be i(-5). What is the highest common factor of y and p?
9
Suppose 5*d + 3*t = 4840, -11*d + 13*d = t + 1936. What is the highest common factor of 396 and d?
44
Suppose -40*f = -38*f - 4*v - 194, 285 = 3*f - 5*v. Suppose -3*d = d - 272. Calculate the greatest common factor of f and d.
17
Let z = 9 - 67. Let s be (1305/(-27))/29*(-12)/(-2). Let f be z/s + (-6)/(-30). Calculate the highest common factor of f and 42.
6
Let m be ((-123)/(-2))/(9/12). Suppose 318 = 4*z - 5*t, -t + 6 - 4 = 0. Calculate the highest common factor of m and z.
82
Let a(r) = 29*r + 810. Let q be a(-22). What is the greatest common factor of 2 and q?
2
Let u = -10 - -55. Let w be (2 + 0)*2/4. Let d be 615/u - 1*w/(-3). What is the highest common divisor of d and 56?
14
Suppose 0 = 57*n - 23*n - 3026 + 612. Calculate the highest common factor of n and 18176.
71
Let u be 0*(-2)/(-12) - 16/(-2). Suppose 0 = u*d - 37 - 315. What is the highest common divisor of 55 and d?
11
Let m = 3501 + -1661. Suppose 98*v + m = 103*v. What is the greatest common divisor of v and 32?
16
Let k(c) = -c - 4. Let a(u) = -u**3 + 17*u**2 - 32*u + 9. Let h be a(15). Let b be k(h). What is the greatest common factor of b and 34?
17
Let v = -3087 + 3108. What is the highest common factor of 3787 and v?
7
Suppose -a + 7 = q - 4, -4*a + 29 = q. Let b = a + -13. Let x be 24 + b + (-9)/(-3). Calculate the highest common factor of 60 and x.
20
Suppose 0 = 11*k - 3*k - 1184. Suppose -4*u = -u + g - 118, -3*u + 5*g = -k. What is the greatest common factor of 656 and u?
41
Let b(g) = 53*g**2 + 33*g + 175. Let c be b(-5). What is the greatest common factor of c and 150?
15
Let x be 15/(1/((-5)/(-3))). Let q(b) = 2*b + 68. Let n be q(0). Suppose x*c = 26*c - n. Calculate the highest common factor of 17 and c.
17
Let h = 2602 + -1994. Calculate the greatest common divisor of h and 95.
19
Let b be 21 - (35 - 13) - -2426. What is the greatest common divisor of 1261 and b?
97
Let r = -74 + 212. Let p be -1*3 + 16 + 33. Calculate the greatest common divisor of r and p.
46
Let g = -6870 - -7380. What is the highest common factor of 330 and g?
30
Let y be (12/9)/(((-22)/(-9))/11) + 8. Calculate the highest common factor of 448 and y.
14
Suppose 0 = -841*k + 861*k - 3240. Calculate the greatest common divisor of k and 2826.
18
Let q(z) = -z + 10. Let x be q(9). Suppose 0 = -4*o + 5*p + 24, -272*p = 4*o - 270*p + 4. Calculate the highest common divisor of x and o.
1
Let j = 9 - 90. Let d = j - -316. Let x = 2248 - 2201. Calculate the greatest common factor of x and d.
47
Suppose 0 = -2*o + 2*x + 58, -5*o - x = -0*o - 145. Let p be -3*112/12 - -4. Let w = p - -53. Calculate the highest common factor of w and o.
29
Suppose 4 = -4*a - 2*z, a + 7*z - 1 = 6*z. Let y be (49 + a)*(0 - -5). Calculate the greatest common factor of y and 40.
10
Suppose -6*r = -r - 700. Let f = -124041 + 124125. What is the greatest common factor of f and r?
28
Let s be (-20)/(-3)*35208/815. Calculate the greatest common divisor of 16 and s.
16
Suppose -4789 = -2*z - 3*p + 949, 3*z = 3*p + 8562. What is the highest common factor of z and 1760?
220
Let r be 23/2 + -6 + (-1)/2. Let u be 4*r/(-20) - -29. What is the greatest common factor of 308 and u?
28
Suppose 67*u + 76*u = -120*u + 120717. Calculate the highest common divisor of 1809 and u.
27
Let o(z) = 4*z + 534. Let p be o(-90). What is the greatest common divisor of 42 and p?
6
Let q = 6907 + -6817. Calculate the greatest common factor of q and 150.
30
Suppose -36 - 6 = -o. Let n be (0 + (-15)/2)/(510/(-41480)). Let j = n + -148. What is the greatest common factor of o and j?
42
Suppose -3*g - 175 = -m - 118, 2*m - 3*g - 99 = 0. Suppose -2*q = -7*q + 20. Suppose -o + 130 = q. Calculate the greatest common factor of o and m.
42
Let w(h) = 14*h**2 + 51*h + 89. Let t be w(-18). What is the highest common factor of t and 11?
11
Let r = 11309 - 10944. Calculate the highest common divisor of r and 584.
73
Suppose -91*v - 332 = -1788. What is the highest common factor of 2120 and v?
8
Let k(i) = i**3 + 5*i**2 + 4*i + 5. Let t be k(-3). Suppose -t = -3*p + 16. Let n = -156 - -237. What is the highest common factor 